18*s. What is the tens digit of o?
5
Let i = 24 + -2. Let z = 7 - 3. What is the units digit of z*3/(6/i)?
4
Let y(i) = -22*i - 3. Let z be y(1). Let k = z - -28. What is the units digit of 12 + k + (-3 - 1)?
1
Suppose 5*x - 725 = -3*r, -3*r = -2*r + 3*x - 247. What is the hundreds digit of r?
2
Let f = -602 + 2568. What is the units digit of f?
6
Let w = -76 + 84. Suppose 3*a + 4*p - w*p - 157 = 0, -a + 5*p + 67 = 0. What is the units digit of a?
7
Let n(h) = h + 11. Let r be n(-7). Suppose -5*v + 12 = 3*d, r = d - v - 0. Suppose -7 = -m - w, d*m - 10 = 3*w + 2*w. What is the units digit of m?
5
What is the units digit of 1/12 - 119955/(-396)?
3
Suppose 1008 = 2*w - 6*v + 3*v, -2542 = -5*w + 2*v. What is the units digit of w?
0
Let q = 8 - 17. Let a = q + -1. What is the tens digit of 616/55*a/(-4)?
2
Let j = 125 + 0. What is the hundreds digit of j?
1
Let t be 1/(195/(-33) - -6). Let i(c) be the second derivative of -c**3/6 + 11*c**2 - c. What is the tens digit of i(t)?
1
Let t(l) = -3*l. Let k be t(-1). Suppose -k*x = -8*x. Suppose 2*o = -4*q + 42, x = -8*o + 3*o - 4*q + 117. What is the units digit of o?
5
Let o(n) = n**2 + 8*n - 1. Let r be o(-7). Let h(u) = u**3 + 9*u**2 + 9*u + 8. Let p be h(r). Suppose 3*i + 0*i - 39 = p. What is the units digit of i?
3
Let d(m) = -2 - 9*m + 0*m - 4 - 5. What is the units digit of d(-7)?
2
Let u = -67 - -106. Let t be (u + 3)/2 + 0. What is the units digit of 608/14 - t/49?
3
Suppose 2*f + 8*v = 3*v + 645, 0 = -2*f + 2*v + 666. What is the hundreds digit of f?
3
Suppose -621 = -16*t + 5171. What is the hundreds digit of t?
3
Let x(l) = -l**3 - 15*l**2 - l + 42. What is the hundreds digit of x(-16)?
3
Let x = 35 + -31. Suppose -3*r - x*h = -h - 165, -2*r = -h - 110. What is the units digit of r?
5
Suppose 5*d - 512 = -2*y - y, 0 = -4*d - 3*y + 409. Suppose 3*p = -5*m + d, 2*p + 4*m = 4*p - 98. What is the tens digit of p?
4
Let k(v) = 1362*v**2 - 103*v - 201. What is the hundreds digit of k(-2)?
4
Let k = -290 + 696. What is the units digit of k?
6
Let a(z) = -5*z**3 + z**2 + z + 4. Let o be a(-2). Let w = 83 - o. What is the units digit of w?
7
Suppose -45 = -2*j - 15. Suppose 15 = 3*f + 2*a + 6, 3*f - 9 = -3*a. Suppose -s - f + j = 0. What is the units digit of s?
2
What is the thousands digit of 2*(3243/9)/(12/18)?
1
Suppose q = -0*q + 9. Let c be (-3)/q*-33 - -1. Let p = c + 1. What is the tens digit of p?
1
Let o(v) = -3*v. Let c be o(5). Let q = c - -23. Let r = q + -7. What is the units digit of r?
1
Let p = 651 + -388. What is the hundreds digit of p?
2
Suppose -36*v + 22*v + 1120 = 0. What is the tens digit of v?
8
Suppose 2*k = 5*k - 2*b - 312, 4*k - 416 = -b. What is the units digit of k?
4
Let x(k) = -3*k**3 + 11*k**2 - 72. What is the units digit of x(-7)?
6
Let a = -259 - -366. Suppose 7*h + 3*h + 640 = 0. Let z = h + a. What is the units digit of z?
3
Suppose 0 = 5*y - k - 9134, -y + k = -1224 - 606. What is the tens digit of y?
2
Let g(i) = -5*i - 5*i**2 + 5*i**2 - 4*i**2 - 2 + 3*i**2. Let j be g(-3). Suppose 2*z + j = 28. What is the tens digit of z?
1
Let f(s) = -16*s + 559. What is the units digit of f(-20)?
9
Suppose -6926 = -2*w + 14*c - 18*c, -4*w = 2*c - 13882. What is the units digit of w?
3
Let j be ((-8)/(-14))/(2/7). Let m = 3 - 1. Suppose -j*h = -m*a + 3*h + 48, -h - 120 = -5*a. What is the units digit of a?
4
What is the tens digit of (-710)/(-6)*(5 - -3 - -7)?
7
Let p(k) be the second derivative of -2*k**5/5 - k**4/3 - k**2/2 + 350*k. Let o be (-2 + (1 - 1))*1. What is the tens digit of p(o)?
4
Let d(x) be the first derivative of 4*x**2 + 0 - 6*x - 7 - 3*x. What is the tens digit of d(5)?
3
Let w(t) = -5*t**3 + 14*t**2 - 12*t - 11. Let i(p) = -4*p**3 + 13*p**2 - 11*p - 10. Let x(o) = 6*i(o) - 5*w(o). What is the tens digit of x(-7)?
8
Suppose -680 = -15*p - 5*p. Let m be ((-3)/4)/(2/16). Let g = p - m. What is the units digit of g?
0
Let z(v) = -v**2 + 13*v + 2. Let m be z(14). Suppose -2*c + 1 + 71 = 0. Let p = m + c. What is the units digit of p?
4
Let b(v) = -3*v**2 - 39*v - 15. Let o be b(-10). Suppose -7*w - o = -467. What is the units digit of w?
6
Suppose 0 = -8*i + 2880 + 2656. What is the hundreds digit of i?
6
Let u be 4 - 4/8*-6. Let s = -1 - u. What is the units digit of -6*((-28)/s)/(-7)?
3
Let n(h) = -h**3 - 18*h**2 + 15*h - 32. Let j be n(-19). Let c = -43 - -64. Let q = j - c. What is the tens digit of q?
2
Let v be (-8)/(-12) - 70/6. Let h(c) = -c - 3. Let s be h(-6). What is the units digit of 4*(s - v/4)?
3
Let c(u) = -45*u + 49. What is the units digit of c(-8)?
9
Let z(u) = -30*u - 198. What is the hundreds digit of z(-44)?
1
Let w(f) = 54*f**2 - 10*f - 36. What is the tens digit of w(-3)?
8
Let w(d) = 7*d - 8. Let v(f) = -7*f**3 - f**2. Let u be v(-1). Let m be w(u). What is the tens digit of (m/6)/((-3)/(-9))?
1
Suppose -4*n + 70 = 3*n. Suppose 0 = 6*q - n*q + 64. What is the tens digit of q?
1
Suppose a + 29*a = 85350. What is the units digit of a?
5
Let d(t) = -t**3 - 17*t**2 + 128*t + 8. What is the thousands digit of d(-25)?
1
Suppose -4*w = 4*r - 1168, 5*w - 4*r + 0*r = 1469. What is the hundreds digit of w?
2
Let h(t) = -2*t + 15. Let p be h(17). What is the units digit of (p + -3)*-1 - -4?
6
Let z(c) = -199*c + 10. What is the thousands digit of z(-9)?
1
Suppose 6*k = 11*k - 50. Let z = 169 - k. What is the units digit of z?
9
What is the hundreds digit of (1 + 2/(-4))/((-10)/(-17220))?
8
Suppose 0*u + 625 = 5*u. Suppose 0*k + 345 = 5*k. Let c = u - k. What is the tens digit of c?
5
Let k(n) = 126*n + 137. What is the thousands digit of k(12)?
1
Let p be 14*(1 + (-9 - 0)). Suppose 99*n = 100*n + 1. What is the units digit of p/(-4) + n + -1?
6
What is the tens digit of (-36)/(1/(852/(-8)))?
3
Let j(k) = 3*k**3 - 8*k**2 - 13*k - 29. What is the thousands digit of j(11)?
2
Let x(v) = 2*v**2 + 6*v - 1. Suppose -8*i + 4*i + 4 = 0. Let z be (i - 2)/(2/10). What is the units digit of x(z)?
9
Suppose 1 + 2 = q. Let j be 30/(-9)*q/(-2). Suppose j - 53 = -v + 4*z, -70 = -2*v - 5*z. What is the units digit of v?
0
Suppose 2*k = 4*p + 22, 0*k = 2*k + 3*p - 1. Suppose 3*i - k = -2, -4*g = -3*i - 717. What is the units digit of g?
0
Let s be 3/12*(-8)/(-1). Suppose 2*o - 120 = -s*o - 4*i, 2*i = 2*o - 80. Let a = 58 - o. What is the units digit of a?
3
Let b = 168 + 152. Suppose -2*y = -7*y + b. What is the units digit of y?
4
Suppose o + 5405 = 5*m - 3*o, 0 = -3*m - 5*o + 3280. What is the tens digit of m?
8
Let h = 81 + 4. Suppose 4*j - 139 = h. What is the tens digit of j?
5
Suppose -13*k + 11*k + 24 = 0. Suppose 0 = 3*j + 3*l + 18, -3*j = -j + 5*l + k. What is the units digit of j/(-9) - (-132)/18?
8
Let k = -27 - -26. What is the units digit of (-1 + k)/2*-72?
2
Let k(w) = w**3 - 5*w**2 - 10*w + 14. Suppose 3*r = -3*d + 15, 2*d - 7*d + 34 = 2*r. What is the tens digit of k(d)?
2
Suppose 2*j - 813 - 1699 = 0. What is the thousands digit of j?
1
Let v(x) = -x**2 - 4*x. Let l be v(-4). Suppose -3*k + 4 + 62 = l. What is the units digit of k?
2
What is the hundreds digit of (-9171)/(-5) - (-720)/(-600)?
8
Let a be -2 + (-1)/1 + -6. Let f = a - -9. Suppose -o = -f*o - 26. What is the units digit of o?
6
What is the tens digit of (-17051)/(-119) - (-6)/(-21)?
4
Let h = -8 + 12. Let d be 1*13 - (-7 + h). Let r = d + -10. What is the units digit of r?
6
Let k(b) = -b + 13. Let c be k(13). Suppose -z = -1, 20 = 3*j - c*z + 5*z. Suppose -p + 4*g = -g - 1, -5*p + 65 = -j*g. What is the units digit of p?
6
Let s = -354 + 452. What is the units digit of s?
8
What is the tens digit of (-52)/117 + 9764/18?
4
Let k(v) = v - 1. Let z be k(5). Let m(h) = h - 10 + 0*h + 4 - z*h. What is the tens digit of m(-11)?
2
Suppose 0 = -3*i + 4*s - 8 - 10, -2*s = 0. Suppose 0*y - 9 = 3*y. What is the units digit of 3/6 + y/i?
1
Suppose u - 5*u + 2*q + 1636 = 0, 0 = 5*u + q - 2059. Suppose 1131 = 9*f + u. What is the tens digit of f?
8
Let w(h) be the third derivative of 47*h**6/120 + h**4/12 - h**3/6 + 42*h**2. Let v = 0 + 1. What is the tens digit of w(v)?
4
Let u = -1283 - -2039. What is the hundreds digit of u?
7
Let h(a) = -a**2 + 40*a - 108. What is the units digit of h(37)?
3
Suppose -66*q = -70*q + 976. Suppose -4*a + q + 120 = 0. What is the units digit of a?
1
Let x =